f w**3/6 + 9*w**2 + 4*w. Determine a(h).
8
Let t(x) = x**2 + 3*x - 4. Suppose -3*j = -2 - 1. Let q be 5/3*(14/14 - 7). Let i be j/3*6*q/4. What is t(i)?
6
Let h = 7 + -2. Suppose 833 = 2*z - h*l, -2*l = 3*z - 4*l - 1277. Let s(y) = -2*y + 429 - z. What is s(3)?
-6
Let o(n) be the second derivative of 1/3*n**4 + 31*n + n**2 - 1 - 1/20*n**5 + 1/2*n**3. Determine o(4).
14
Let v(h) = -2*h + 6. Let x(c) = 24*c**2 - 8*c + 23. Let b(u) = 4*v(u) - x(u). Give b(-1).
-23
Let n(j) = -2*j + 1. Let i be n(-6). Let v(h) = 2*h**3 + 28*h**2 - 68*h - 38. Let r be v(-16). Suppose 39 = -i*k - r. Let d(l) = l**2 + 4*l + 2. Calculate d(k).
7
Let w(l) = 28*l - 118. Let j(g) = 2*g**2 + 157*g - 2480. Let i be j(-92). Calculate w(i).
-6
Let s(t) be the third derivative of t**5/60 - t**4/6 - t**3/2 - 2*t**2. Let i be -5 - (-8)/((-32)/(-300)). Let y = -67 + i. Calculate s(y).
-6
Let u(w) = w**3 + 5*w**2 - 9*w - 41. Suppose 92348*x - 26 = 92364*x + 54. Calculate u(x).
4
Let x(g) = 50 + 35 + 15*g**2 + 49 + 3*g - 142. Determine x(2).
58
Let p = -25 + 29. Suppose 2*q = 3*d + 49, q + q - p*d = 44. Suppose 18 - 2 = -y + 4*i, -5*y - 4*i = q. Let j(f) = -f**2 - 10*f - 7. Determine j(y).
9
Suppose 46 - 325 = -93*g. Let p(j) = 4*j**2 - 7*j - 1. What is p(g)?
14
Suppose n - 5 = -2*q, -88 + 57 = -5*n - 4*q. Let x(g) = -7*g + 11. What is x(n)?
-38
Let h(c) be the third derivative of c**5/20 + 9*c**4/8 + 17*c**3/3 + 2015*c**2. Determine h(-7).
-8
Suppose -s - 4 - 9 = 2*l, 12 = -3*s + 3*l. Let q(i) be the first derivative of -47 - 7/2*i**2 + 4*i - 1/3*i**3. Give q(s).
4
Let r(z) = -23*z - 40. Let g(k) = 12*k + 20. Let d(x) = -11*g(x) - 6*r(x). Let m be d(-3). Let n(l) = -l**2 - l + 1. What is n(m)?
-5
Let y(f) = -f**2 + 13. Let x be y(-4). Let t be ((-24)/9)/4 - 8/(-3). Let r(b) = -2*b**t + 4*b**2 + b + 0*b**2 - 4 + 5. Give r(x).
16
Let v(s) = -s**3 - 24*s**2 - 115*s - 38. Let p be v(-6). Let m(g) be the second derivative of 38*g + 1/2*g**3 - 1/3*g**p - g**2 + 0. What is m(2)?
-12
Let z be -2 + 3 + -3 + 1. Let y(r) = 743*r - 2229*r + 750*r + 745*r. Calculate y(z).
-9
Suppose 4*r - 126 = -3*r. Suppose r*m = 5*m - 65. Let i(g) = g - 5. Give i(m).
-10
Let u(o) be the second derivative of o**4/12 - 4*o**3/3 + 3*o**2/2 + 14*o. Let k(i) = -6*i + 6. Let y be k(-12). Suppose -4*z + y = 9*z. Determine u(z).
-9
Let n(u) = u**3 + 16*u**2 - 33*u + 32. Let z be (5 - ((-702)/65 - -17))/((-2)/(-30)). Determine n(z).
-22
Let z = -22 - -22. Suppose -3*w = -6, 2*x + 6 = 5*w - z*w. Let k(g) = 1 + 3*g - 4*g - x - 6. Give k(-6).
-1
Let o(m) = -7592 + m + 15164 - 7616 - m**3 + 25*m**2. Determine o(25).
-19
Let m(u) = 19 - u**2 + 20 + 14 + 33 - 106 + 11*u. Calculate m(4).
8
Let w(o) = o**3 + 31*o**2 - 6*o - 179. Let m be w(-31). Let h(r) = r**2 - 12*r + 35. Let v be h(m). Let d(f) = f + 26. Give d(v).
26
Let r(f) = 3129*f**2 + 9 - 1559*f**2 + 3*f - 1569*f**2. Let a = 8 + -14. Determine r(a).
27
Let h(i) = i**2 - 12*i + 15. Let k be (17/(136/24))/(6/22). What is h(k)?
4
Let k(g) = -3*g - 2. Let s = -3276 + 3357. Let h(d) = d**3 + 10*d**2 + 11*d + 8. Let f be h(-7). Let j = f - s. Determine k(j).
7
Suppose -2*j + 10 = -5*l, -4*j + 13 + 7 = 4*l. Let p(y) = -4 - y - 21 + 19 + y**3. Give p(l).
-6
Let q = -151 - -152. Let s(i) = 78*i - 3. Determine s(q).
75
Suppose -14*q = -1284 + 178. Suppose 8 = -29*i - q. Let h(g) = -1 + 2 + g + 0. Give h(i).
-2
Suppose 0 = -c - 2*a + 17, 2*c + a = -3*c + 76. Let v(m) be the third derivative of c*m**2 + 0*m**3 + 0 + 0*m + 3/8*m**4. Give v(1).
9
Suppose -2*p - 5*b + 3 = 1, -5*p = -3*b + 88. Let t(x) = x**3 + 15*x**2 + 15*x + 33. What is t(p)?
19
Suppose 2*z = -43 + 55, -w - 4*z + 18 = 0. Let t(v) = v**2 + 9*v + 3. Determine t(w).
-15
Let s be 9/(135/6)*(-50)/5. Let o be -3 + -4 + (-8)/s. Let i(z) = -z**3 - 4*z**2 + 4*z - 2. Calculate i(o).
3
Let r(c) = 3*c**3 - 42*c**2 + 99*c. Let o be r(11). Let m(a) be the first derivative of -a**3/3 - 5*a + 14. What is m(o)?
-5
Let s(k) = 11*k**2 - 5 + 83*k + k**3 + 14*k - 139*k. Give s(3).
-5
Suppose -o = 15 - 22, -32 = -4*x - 4*o. Let v(f) = -f + 3*f + 2 - 4. Calculate v(x).
0
Let q(t) = t + 3. Let m be q(-5). Let d(z) be the second derivative of z**4/12 + z**2/2 + 4*z + 1896. Determine d(m).
5
Let u(w) = 0*w + 3*w + 9*w**2 + 5410939 - w + w**3 - 5410936. Let l be (3/4)/(2/(-24)). Give u(l).
-15
Let a(f) be the first derivative of f**3/3 - 6*f**2 + 31*f - 1151. Calculate a(5).
-4
Let j(p) = p**2 - 7*p + 4. Let v = 362 - 359. Suppose 3*q + c = q + 19, -50 = -5*q - v*c. Calculate j(q).
4
Let m be (-15)/(-20)*(-1240)/186. Let r(q) = -q**2 - 13*q - 7. Give r(m).
33
Let c = -374 - -380. Let n(d) = 25*d + 14. Let h(r) = 18*r + 9. Let y(b) = 7*h(b) - 5*n(b). Give y(c).
-1
Let s(x) be the first derivative of 3*x**2/2 + 33*x - 21. Let r(m) = -40*m**2 + 157*m. Let i be r(4). Calculate s(i).
-3
Suppose -29*f = 7738 - 7767. Let g(c) = 56*c**3 + c**2 + 2*c - 3. Give g(f).
56
Suppose -4*o - 49 = -3*c, 24*o = 28*o + 3*c + 7. Let p(x) = x**2 - 16*x - 169. Give p(o).
-8
Let t(g) be the second derivative of 0 - g**2 - 219*g - 1/6*g**3. What is t(-1)?
-1
Let f(v) = v**2 - 16*v + 22. Suppose 0 = -4*l - k + 39, 7*l - 39 = 2*l + 2*k. Suppose 83 - 218 = -l*o. Give f(o).
7
Let p = -75 + 82. Suppose -p*i + 6 = -57. Let a(c) = -i*c + 6*c**2 + 2*c - 7*c**2 - 5. What is a(-5)?
5
Suppose 0 = 2*t - 0*p + 5*p - 18, 0 = 3*t - 3*p - 48. Let v be (-114)/22 + (-2128)/154 + t. Let z(w) = 2*w - 7. What is z(v)?
-17
Let f = 8293 - 8290. Let g(j) = -j**3 + 7*j**2 + j - 2. What is g(f)?
37
Suppose -3*z + 5*b + 25 = 0, 5*b + 25 = z - 0*b. Suppose -6*k + k - 25 = z. Let u(r) = r**2 + 3*r + 5. Calculate u(k).
15
Suppose 0 = -5*m - 2*g + 13, m + 2*m + 5*g - 4 = 0. Let u(w) be the third derivative of -w**4/24 - w**3/2 + 266*w**2. What is u(m)?
-6
Let d(s) = 4 - 13*s - 25 + 25*s - 13*s. Let l be d(-18). Let v(w) be the second derivative of w**3/6 - 2*w. Determine v(l).
-3
Let z = 2088 - 2088. Let n(a) be the third derivative of -a**5/60 + a**4/12 + a**3 + 5*a**2. Determine n(z).
6
Let b(a) = a**2 + 13*a + 14. Let r be b(-11). Let c(u) = 9*u + 68. Calculate c(r).
-4
Let z = 18 + -11. Let u(h) = -1 + 1 + h**3 + 8 + z*h**2 + 6*h. Calculate u(-6).
8
Let v = -2955 - -2953. Let i(p) = p**3 - p**2 - 2*p - 2. What is i(v)?
-10
Suppose -4*v - 62 = -6*v. Let c(x) = x**2 + 218*x**3 - 217*x**3 + 2 - 29*x + v*x. Determine c(-2).
-6
Let d = 192 - 188. Let j(g) = 26*g - 6*g + 0*g + g**2 - d - g - 9*g. Give j(-10).
-4
Let n = 4680 + -4681. Let o(z) = 56*z. Determine o(n).
-56
Let i be ((-116)/(-290))/(0 - 2/(-50)). Let m be (4 + -9)*4/i. Let t(k) be the first derivative of -2*k**2 - 2*k + 1. What is t(m)?
6
Let n(c) = -c**2 - 4*c. Let i(m) = -m**2 + 7*m - 3. Let f be i(7). Let t be n(f). Let z(o) = o**3 + 7*o + 0*o**3 - 8*o - 4 - 2*o**2. What is z(t)?
2
Let d(h) = 4*h**2 + 8*h + 23. Let i(m) = -m**2 + m + 1. Let f(q) = d(q) + 3*i(q). Calculate f(-5).
-4
Let m(r) = -21*r**3 - 4*r**2 + 20*r**3 - 55 + r + 54 - 3*r. Suppose -3*s - 2 = 4*n, -6*n + 2*n + 4 = 0. Calculate m(s).
-5
Suppose -3 = -5*h + 4*f, -34 + 13 = -4*h - 3*f. Let b(i) = -i**3 + 4*i**2 + 3*i - 7. Let d(m) = -3*m + 19 + 2*m - 18. Let y(z) = -b(z) - 3*d(z). Calculate y(h).
-5
Let j(x) = -4*x - 2. Let h(t) = t**3 + 16*t**2 - 54*t + 61. Let b be h(-19). Let z(n) = 0 + 3 - 2. Let c(i) = b*z(i) + j(i). Determine c(2).
-6
Let r(x) = 3*x**2 - 3*x - 7. Let i be 25/(525/(-6)) + (-122)/14. Let a(w) = -7*w**2 + 6*w + 15. Let t(f) = i*r(f) - 4*a(f). Calculate t(-2).
1
Suppose -24*g = -5*g + 19. Let k be -8 - g - (-1 - 8). Let n(c) = 7*c**2 - 3*c**3 - 3*c**2 + c**3 - 2*c. What is n(k)?
-4
Let g(o) = -208 + 644 - 477044*o - o**2 + 476997*o. Determine g(8).
-4
Let o(m) be the second derivative of 5*m**4/12 - 4*m**3/3 + 13*m**2/2 - 8*m + 42. Calculate o(2).
17
Let v(t) be the second derivative of -t**3/3 - 4*t**2 + 4*t. Suppose -3*i - 20 = -4*n, 2*i + 3*n = 7*n - 12. Let x be (-1)/((-4)/42*12/i). Determine v(x).
6
Suppose -4*x + 63 = -3*x. Let w be 150/40 - 5 - (-783)/12. Let f(q) = -4 + x*q**2 - 6*q - w*q**2 + 0. Calculate f(-3).
5
Let y(k) be the third derivative of 3*k**6/40 + k**5/15 - k**4/12 - k**3/6 - 565*k**2 + 2. What is y(1)?
10
Let w(z) be the first derivative of 2*z**3/3 + 5*z**2 + 24*z - 4186. Calculate w(-7).
52
Let t(y) = -y**2 + 5*y + 